{"id":1887,"date":"2022-01-02T20:53:32","date_gmt":"2022-01-02T20:53:32","guid":{"rendered":"http:\/\/www.schmitzendrin.de\/?page_id=1887"},"modified":"2022-01-05T20:37:37","modified_gmt":"2022-01-05T20:37:37","slug":"flussblau-zuhaus","status":"publish","type":"page","link":"https:\/\/www.schmitzendrin.de\/?page_id=1887","title":{"rendered":"Flussblau Zuhaus\u00b4"},"content":{"rendered":"\n<!--more-->\n\n\n\n<p>Neues Leben am Rhein. 2020 sind wir von Bonn Endenich in die Altstadt von K\u00f6nigswinter gezogen. Wir leben dort in einem Altbau von ca. 1900 mit Innenhof. Das Haus haben wir im letzten Fr\u00fchjahr und Sommer saniert, modernisiert und renoviert. <\/p>\n\n\n\n<p>Weitere Arbeiten sind noch zu tun. Zum Beispiel wollen wir die Holztreppe komplett mit Teppich verlegen. Einzelne T\u00fcren m\u00fcssen noch abgeschliffen und gestrichen werden. Da ich handwerklich nicht gut bin, brauche ich Unterst\u00fctzung und das werde ich in diesem Jahr wieder planen. <\/p>\n\n\n\n<div class=\"wp-block-image\"><figure class=\"aligncenter size-large is-resized\"><img loading=\"lazy\" decoding=\"async\" src=\"http:\/\/www.schmitzendrin.de\/wp-content\/uploads\/2022\/01\/200815_Flussblauzuhaus_4-1024x613.jpg\" alt=\"\" class=\"wp-image-1889\" width=\"377\" height=\"225\" srcset=\"https:\/\/www.schmitzendrin.de\/wp-content\/uploads\/2022\/01\/200815_Flussblauzuhaus_4-1024x613.jpg 1024w, https:\/\/www.schmitzendrin.de\/wp-content\/uploads\/2022\/01\/200815_Flussblauzuhaus_4-300x180.jpg 300w, https:\/\/www.schmitzendrin.de\/wp-content\/uploads\/2022\/01\/200815_Flussblauzuhaus_4-768x460.jpg 768w, https:\/\/www.schmitzendrin.de\/wp-content\/uploads\/2022\/01\/200815_Flussblauzuhaus_4.jpg 1327w\" sizes=\"auto, (max-width: 377px) 100vw, 377px\" \/><\/figure><\/div>\n\n\n\n<p>&#8222;Flussblau Zuhaus&#8220; habe ich unser Zuhause genannt, weil wir nur vier Minuten vom Rhein entfernt wohnen und ich die Idee habe, das Haus in Blau- und Gr\u00fcnt\u00f6nen zu dekorieren. Ich m\u00f6chte den Fluss ein wenig nach Innen holen.<\/p>\n\n\n\n<p>Und ich bin ein Fan von Fl\u00fcssen. Als Mischung aus Rheinl\u00e4nderin und Moselanerin (<a rel=\"noreferrer noopener\" href=\"http:\/\/www.schmitzendrin.de\/?page_id=50\" target=\"_blank\">Das Schmitze-Ich<\/a>) sitze ich gerne am Strom der Fl\u00fcsse, spaziere durch die kleinen St\u00e4dtchen und werfe Steinchen ins Wasser. <\/p>\n\n\n\n<figure class=\"wp-block-gallery columns-2 is-cropped wp-block-gallery-1 is-layout-flex wp-block-gallery-is-layout-flex\"><ul class=\"blocks-gallery-grid\"><li class=\"blocks-gallery-item\"><figure><img loading=\"lazy\" decoding=\"async\" width=\"1024\" height=\"768\" src=\"http:\/\/www.schmitzendrin.de\/wp-content\/uploads\/2022\/01\/20211019_173844-1024x768.jpg\" alt=\"\" data-id=\"1980\" data-full-url=\"http:\/\/www.schmitzendrin.de\/wp-content\/uploads\/2022\/01\/20211019_173844.jpg\" data-link=\"http:\/\/www.schmitzendrin.de\/?attachment_id=1980#main\" class=\"wp-image-1980\" srcset=\"https:\/\/www.schmitzendrin.de\/wp-content\/uploads\/2022\/01\/20211019_173844-1024x768.jpg 1024w, https:\/\/www.schmitzendrin.de\/wp-content\/uploads\/2022\/01\/20211019_173844-300x225.jpg 300w, https:\/\/www.schmitzendrin.de\/wp-content\/uploads\/2022\/01\/20211019_173844-768x576.jpg 768w, https:\/\/www.schmitzendrin.de\/wp-content\/uploads\/2022\/01\/20211019_173844-350x263.jpg 350w, https:\/\/www.schmitzendrin.de\/wp-content\/uploads\/2022\/01\/20211019_173844-780x586.jpg 780w, https:\/\/www.schmitzendrin.de\/wp-content\/uploads\/2022\/01\/20211019_173844-250x188.jpg 250w, https:\/\/www.schmitzendrin.de\/wp-content\/uploads\/2022\/01\/20211019_173844.jpg 1200w\" sizes=\"auto, (max-width: 1024px) 100vw, 1024px\" \/><\/figure><\/li><li class=\"blocks-gallery-item\"><figure><img loading=\"lazy\" decoding=\"async\" width=\"1024\" height=\"769\" src=\"http:\/\/www.schmitzendrin.de\/wp-content\/uploads\/2022\/01\/20211019_173336-1024x769.jpg\" alt=\"\" data-id=\"1981\" data-full-url=\"http:\/\/www.schmitzendrin.de\/wp-content\/uploads\/2022\/01\/20211019_173336.jpg\" data-link=\"http:\/\/www.schmitzendrin.de\/?attachment_id=1981#main\" class=\"wp-image-1981\" srcset=\"https:\/\/www.schmitzendrin.de\/wp-content\/uploads\/2022\/01\/20211019_173336-1024x769.jpg 1024w, https:\/\/www.schmitzendrin.de\/wp-content\/uploads\/2022\/01\/20211019_173336-300x225.jpg 300w, https:\/\/www.schmitzendrin.de\/wp-content\/uploads\/2022\/01\/20211019_173336-768x577.jpg 768w, https:\/\/www.schmitzendrin.de\/wp-content\/uploads\/2022\/01\/20211019_173336-350x263.jpg 350w, https:\/\/www.schmitzendrin.de\/wp-content\/uploads\/2022\/01\/20211019_173336-780x586.jpg 780w, https:\/\/www.schmitzendrin.de\/wp-content\/uploads\/2022\/01\/20211019_173336-250x188.jpg 250w, https:\/\/www.schmitzendrin.de\/wp-content\/uploads\/2022\/01\/20211019_173336.jpg 1108w\" sizes=\"auto, (max-width: 1024px) 100vw, 1024px\" \/><\/figure><\/li><\/ul><\/figure>\n\n\n\n<div style=\"height:100px\" aria-hidden=\"true\" class=\"wp-block-spacer\"><\/div>\n\n\n\n<p>Fotos aus der Renovierungsphase. Wie es heute aussieht und \u00fcber die weiteren Schritte im &#8222;Flussblau Zuhaus\u00b4 werde ich schreiben und Euch Fotos zeigen.<\/p>\n\n\n\n<figure class=\"wp-block-image alignwide size-large\"><img loading=\"lazy\" decoding=\"async\" width=\"1024\" height=\"683\" src=\"http:\/\/www.schmitzendrin.de\/wp-content\/uploads\/2022\/01\/P1220583-1024x683.jpg\" alt=\"\" class=\"wp-image-1897\" srcset=\"https:\/\/www.schmitzendrin.de\/wp-content\/uploads\/2022\/01\/P1220583-1024x683.jpg 1024w, https:\/\/www.schmitzendrin.de\/wp-content\/uploads\/2022\/01\/P1220583-300x200.jpg 300w, https:\/\/www.schmitzendrin.de\/wp-content\/uploads\/2022\/01\/P1220583-768x512.jpg 768w, https:\/\/www.schmitzendrin.de\/wp-content\/uploads\/2022\/01\/P1220583.jpg 1200w\" sizes=\"auto, (max-width: 1024px) 100vw, 1024px\" \/><\/figure>\n\n\n\n<figure class=\"wp-block-image alignwide size-large\"><img loading=\"lazy\" decoding=\"async\" width=\"1024\" height=\"768\" src=\"http:\/\/www.schmitzendrin.de\/wp-content\/uploads\/2022\/01\/20200831_182008-1024x768.jpg\" alt=\"\" class=\"wp-image-1896\" srcset=\"https:\/\/www.schmitzendrin.de\/wp-content\/uploads\/2022\/01\/20200831_182008-1024x768.jpg 1024w, https:\/\/www.schmitzendrin.de\/wp-content\/uploads\/2022\/01\/20200831_182008-300x225.jpg 300w, https:\/\/www.schmitzendrin.de\/wp-content\/uploads\/2022\/01\/20200831_182008-768x576.jpg 768w, https:\/\/www.schmitzendrin.de\/wp-content\/uploads\/2022\/01\/20200831_182008-1536x1152.jpg 1536w, https:\/\/www.schmitzendrin.de\/wp-content\/uploads\/2022\/01\/20200831_182008-2048x1536.jpg 2048w, https:\/\/www.schmitzendrin.de\/wp-content\/uploads\/2022\/01\/20200831_182008-350x263.jpg 350w, https:\/\/www.schmitzendrin.de\/wp-content\/uploads\/2022\/01\/20200831_182008-780x586.jpg 780w, https:\/\/www.schmitzendrin.de\/wp-content\/uploads\/2022\/01\/20200831_182008-250x188.jpg 250w\" sizes=\"auto, (max-width: 1024px) 100vw, 1024px\" \/><\/figure>\n\n\n\n<div class=\"wp-block-image\"><figure class=\"aligncenter size-large is-resized\"><img loading=\"lazy\" decoding=\"async\" src=\"http:\/\/www.schmitzendrin.de\/wp-content\/uploads\/2022\/01\/20200826_180640-1024x768.jpg\" alt=\"\" class=\"wp-image-1895\" width=\"753\" height=\"565\" srcset=\"https:\/\/www.schmitzendrin.de\/wp-content\/uploads\/2022\/01\/20200826_180640-1024x768.jpg 1024w, https:\/\/www.schmitzendrin.de\/wp-content\/uploads\/2022\/01\/20200826_180640-300x225.jpg 300w, https:\/\/www.schmitzendrin.de\/wp-content\/uploads\/2022\/01\/20200826_180640-768x576.jpg 768w, https:\/\/www.schmitzendrin.de\/wp-content\/uploads\/2022\/01\/20200826_180640-350x263.jpg 350w, https:\/\/www.schmitzendrin.de\/wp-content\/uploads\/2022\/01\/20200826_180640-780x586.jpg 780w, https:\/\/www.schmitzendrin.de\/wp-content\/uploads\/2022\/01\/20200826_180640-250x188.jpg 250w, https:\/\/www.schmitzendrin.de\/wp-content\/uploads\/2022\/01\/20200826_180640.jpg 1200w\" sizes=\"auto, (max-width: 753px) 100vw, 753px\" \/><\/figure><\/div>\n\n\n\n<figure class=\"wp-block-image size-large\"><img loading=\"lazy\" decoding=\"async\" width=\"768\" height=\"1024\" src=\"http:\/\/www.schmitzendrin.de\/wp-content\/uploads\/2022\/01\/20200822_170531-768x1024.jpg\" alt=\"\" class=\"wp-image-1894\" srcset=\"https:\/\/www.schmitzendrin.de\/wp-content\/uploads\/2022\/01\/20200822_170531-768x1024.jpg 768w, https:\/\/www.schmitzendrin.de\/wp-content\/uploads\/2022\/01\/20200822_170531-225x300.jpg 225w, https:\/\/www.schmitzendrin.de\/wp-content\/uploads\/2022\/01\/20200822_170531.jpg 900w\" sizes=\"auto, (max-width: 768px) 100vw, 768px\" \/><\/figure>\n\n\n\n<figure class=\"wp-block-image size-large\"><img loading=\"lazy\" decoding=\"async\" width=\"768\" height=\"1024\" src=\"http:\/\/www.schmitzendrin.de\/wp-content\/uploads\/2022\/01\/20200729_153634-768x1024.jpg\" alt=\"\" class=\"wp-image-1893\" srcset=\"https:\/\/www.schmitzendrin.de\/wp-content\/uploads\/2022\/01\/20200729_153634-768x1024.jpg 768w, https:\/\/www.schmitzendrin.de\/wp-content\/uploads\/2022\/01\/20200729_153634-225x300.jpg 225w, https:\/\/www.schmitzendrin.de\/wp-content\/uploads\/2022\/01\/20200729_153634.jpg 900w\" sizes=\"auto, (max-width: 768px) 100vw, 768px\" \/><\/figure>\n\n\n\n<figure class=\"wp-block-image size-large\"><img loading=\"lazy\" decoding=\"async\" width=\"1024\" height=\"768\" src=\"http:\/\/www.schmitzendrin.de\/wp-content\/uploads\/2022\/01\/20200727_090606-1024x768.jpg\" alt=\"\" class=\"wp-image-1892\" srcset=\"https:\/\/www.schmitzendrin.de\/wp-content\/uploads\/2022\/01\/20200727_090606-1024x768.jpg 1024w, https:\/\/www.schmitzendrin.de\/wp-content\/uploads\/2022\/01\/20200727_090606-300x225.jpg 300w, https:\/\/www.schmitzendrin.de\/wp-content\/uploads\/2022\/01\/20200727_090606-768x576.jpg 768w, https:\/\/www.schmitzendrin.de\/wp-content\/uploads\/2022\/01\/20200727_090606-350x263.jpg 350w, https:\/\/www.schmitzendrin.de\/wp-content\/uploads\/2022\/01\/20200727_090606-780x586.jpg 780w, https:\/\/www.schmitzendrin.de\/wp-content\/uploads\/2022\/01\/20200727_090606-250x188.jpg 250w, https:\/\/www.schmitzendrin.de\/wp-content\/uploads\/2022\/01\/20200727_090606.jpg 1200w\" sizes=\"auto, (max-width: 1024px) 100vw, 1024px\" \/><\/figure>\n\n\n\n<figure class=\"wp-block-image size-large\"><img loading=\"lazy\" decoding=\"async\" width=\"1024\" height=\"768\" src=\"http:\/\/www.schmitzendrin.de\/wp-content\/uploads\/2022\/01\/20200702_132634-1024x768.jpg\" alt=\"\" class=\"wp-image-1891\" srcset=\"https:\/\/www.schmitzendrin.de\/wp-content\/uploads\/2022\/01\/20200702_132634-1024x768.jpg 1024w, https:\/\/www.schmitzendrin.de\/wp-content\/uploads\/2022\/01\/20200702_132634-300x225.jpg 300w, https:\/\/www.schmitzendrin.de\/wp-content\/uploads\/2022\/01\/20200702_132634-768x576.jpg 768w, https:\/\/www.schmitzendrin.de\/wp-content\/uploads\/2022\/01\/20200702_132634-350x263.jpg 350w, https:\/\/www.schmitzendrin.de\/wp-content\/uploads\/2022\/01\/20200702_132634-780x586.jpg 780w, https:\/\/www.schmitzendrin.de\/wp-content\/uploads\/2022\/01\/20200702_132634-250x188.jpg 250w, https:\/\/www.schmitzendrin.de\/wp-content\/uploads\/2022\/01\/20200702_132634.jpg 1200w\" sizes=\"auto, (max-width: 1024px) 100vw, 1024px\" \/><\/figure>\n\n\n\n<figure class=\"wp-block-image size-large\"><img loading=\"lazy\" decoding=\"async\" width=\"1024\" height=\"768\" src=\"http:\/\/www.schmitzendrin.de\/wp-content\/uploads\/2022\/01\/20200702_132613-1024x768.jpg\" alt=\"\" class=\"wp-image-1890\" srcset=\"https:\/\/www.schmitzendrin.de\/wp-content\/uploads\/2022\/01\/20200702_132613-1024x768.jpg 1024w, https:\/\/www.schmitzendrin.de\/wp-content\/uploads\/2022\/01\/20200702_132613-300x225.jpg 300w, https:\/\/www.schmitzendrin.de\/wp-content\/uploads\/2022\/01\/20200702_132613-768x576.jpg 768w, https:\/\/www.schmitzendrin.de\/wp-content\/uploads\/2022\/01\/20200702_132613-350x263.jpg 350w, https:\/\/www.schmitzendrin.de\/wp-content\/uploads\/2022\/01\/20200702_132613-780x586.jpg 780w, https:\/\/www.schmitzendrin.de\/wp-content\/uploads\/2022\/01\/20200702_132613-250x188.jpg 250w, https:\/\/www.schmitzendrin.de\/wp-content\/uploads\/2022\/01\/20200702_132613.jpg 1200w\" sizes=\"auto, (max-width: 1024px) 100vw, 1024px\" \/><\/figure>\n\n\n\n<div style=\"height:100px\" aria-hidden=\"true\" class=\"wp-block-spacer\"><\/div>\n","protected":false},"excerpt":{"rendered":"","protected":false},"author":1,"featured_media":1889,"parent":0,"menu_order":0,"comment_status":"closed","ping_status":"closed","template":"","meta":{"footnotes":""},"class_list":["post-1887","page","type-page","status-publish","has-post-thumbnail","hentry"],"_links":{"self":[{"href":"https:\/\/www.schmitzendrin.de\/index.php?rest_route=\/wp\/v2\/pages\/1887","targetHints":{"allow":["GET"]}}],"collection":[{"href":"https:\/\/www.schmitzendrin.de\/index.php?rest_route=\/wp\/v2\/pages"}],"about":[{"href":"https:\/\/www.schmitzendrin.de\/index.php?rest_route=\/wp\/v2\/types\/page"}],"author":[{"embeddable":true,"href":"https:\/\/www.schmitzendrin.de\/index.php?rest_route=\/wp\/v2\/users\/1"}],"replies":[{"embeddable":true,"href":"https:\/\/www.schmitzendrin.de\/index.php?rest_route=%2Fwp%2Fv2%2Fcomments&post=1887"}],"version-history":[{"count":11,"href":"https:\/\/www.schmitzendrin.de\/index.php?rest_route=\/wp\/v2\/pages\/1887\/revisions"}],"predecessor-version":[{"id":1986,"href":"https:\/\/www.schmitzendrin.de\/index.php?rest_route=\/wp\/v2\/pages\/1887\/revisions\/1986"}],"wp:featuredmedia":[{"embeddable":true,"href":"https:\/\/www.schmitzendrin.de\/index.php?rest_route=\/wp\/v2\/media\/1889"}],"wp:attachment":[{"href":"https:\/\/www.schmitzendrin.de\/index.php?rest_route=%2Fwp%2Fv2%2Fmedia&parent=1887"}],"curies":[{"name":"wp","href":"https:\/\/api.w.org\/{rel}","templated":true}]}}