{"id":50,"date":"2016-05-30T21:30:25","date_gmt":"2016-05-30T21:30:25","guid":{"rendered":"http:\/\/live.c3networking.de\/sandra\/?page_id=50"},"modified":"2024-06-22T21:51:45","modified_gmt":"2024-06-22T21:51:45","slug":"privat","status":"publish","type":"page","link":"https:\/\/www.schmitzendrin.de\/?page_id=50","title":{"rendered":"Das Schmitze-Ich"},"content":{"rendered":"\n<hr class=\"wp-block-separator has-alpha-channel-opacity\"\/>\n\n\n\n<p class=\"has-medium-font-size\">Hallo, ich bin&nbsp;Frau Schmitz!<\/p>\n\n\n\n<p class=\"has-medium-font-size\">Ich mag Menschen und ihre Geschichten.&nbsp; Auch das Geschichten erz\u00e4hlen mag ich.<\/p>\n\n\n\n<p class=\"has-medium-font-size\">Ich erstelle gerne Listen und wei\u00df dann nichts mit ihnen anzufangen. Ich fotografiere mit den Augen und steppe mit den F\u00fc\u00dfen.<\/p>\n\n\n\n<p class=\"has-medium-font-size\">Mit Mann und Sohn, mit Freunden, unternehme ich sehr gerne Ausfl\u00fcge in die n\u00e4here Umgebung.<\/p>\n\n\n\n<p class=\"has-medium-font-size\">Ich lebe seit vier Jahren in K\u00f6nigswinter und vorher 26 Jahren in Bonn. Ich mag das Siebengebirge, den Rhein, die Eifel und finde, dass wir in einer fantastischen Ecke zwischen Rheinromantik, Eifel-Seelenheil, windigem Westerwald und melancholischem Hunsr\u00fcck wohnen. Ach ja, und K\u00f6ln nicht zu vergessen.<\/p>\n\n\n\n<p class=\"has-medium-font-size\">Ich selbst bin eine Mischung zwischen Rhein- und Moselanerin. K\u00f6lsch und Wein geht beides. Mittlerweile viel lieber die alkoholfreien Varianten.<\/p>\n\n\n<div class=\"wp-block-image\">\n<figure class=\"alignleft\"><img loading=\"lazy\" decoding=\"async\" width=\"300\" height=\"200\" src=\"http:\/\/www.schmitzendrin.de\/wp-content\/uploads\/2017\/02\/P1090730-300x200.jpg\" alt=\"p1090730\" class=\"wp-image-434\" srcset=\"https:\/\/www.schmitzendrin.de\/wp-content\/uploads\/2017\/02\/P1090730-300x200.jpg 300w, https:\/\/www.schmitzendrin.de\/wp-content\/uploads\/2017\/02\/P1090730-768x512.jpg 768w, https:\/\/www.schmitzendrin.de\/wp-content\/uploads\/2017\/02\/P1090730-1024x683.jpg 1024w, https:\/\/www.schmitzendrin.de\/wp-content\/uploads\/2017\/02\/P1090730.jpg 1200w\" sizes=\"auto, (max-width: 300px) 100vw, 300px\" \/><\/figure>\n<\/div>\n\n\n<p class=\"has-medium-font-size\">Ich begr\u00fc\u00dfe Euch herzlichst auf meinem Blog.<\/p>\n\n\n\n<p class=\"has-medium-font-size\">Eure Frau Schmitz<\/p>\n","protected":false},"excerpt":{"rendered":"<p>Hallo, ich bin&nbsp;Frau Schmitz! Ich mag Menschen und ihre Geschichten.&nbsp; Auch das Geschichten erz\u00e4hlen mag ich. Ich erstelle gerne Listen und wei\u00df dann nichts mit ihnen anzufangen. Ich fotografiere mit den Augen und steppe mit den F\u00fc\u00dfen. Mit Mann und Sohn, mit Freunden, unternehme ich sehr gerne Ausfl\u00fcge in die n\u00e4here Umgebung. Ich lebe seit vier Jahren in K\u00f6nigswinter und vorher 26 Jahren in Bonn. Ich mag das Siebengebirge, den Rhein, die Eifel und finde, dass wir in einer fantastischen Ecke zwischen Rheinromantik, Eifel-Seelenheil, windigem Westerwald und melancholischem Hunsr\u00fcck wohnen. Ach ja, und K\u00f6ln nicht zu vergessen. Ich selbst bin eine Mischung zwischen Rhein- und Moselanerin. K\u00f6lsch und Wein geht beides. Mittlerweile viel lieber die alkoholfreien Varianten. Ich begr\u00fc\u00dfe Euch herzlichst auf meinem Blog. Eure Frau Schmitz<\/p>\n","protected":false},"author":1,"featured_media":2398,"parent":0,"menu_order":0,"comment_status":"closed","ping_status":"closed","template":"","meta":{"footnotes":""},"class_list":["post-50","page","type-page","status-publish","has-post-thumbnail","hentry"],"_links":{"self":[{"href":"https:\/\/www.schmitzendrin.de\/index.php?rest_route=\/wp\/v2\/pages\/50","targetHints":{"allow":["GET"]}}],"collection":[{"href":"https:\/\/www.schmitzendrin.de\/index.php?rest_route=\/wp\/v2\/pages"}],"about":[{"href":"https:\/\/www.schmitzendrin.de\/index.php?rest_route=\/wp\/v2\/types\/page"}],"author":[{"embeddable":true,"href":"https:\/\/www.schmitzendrin.de\/index.php?rest_route=\/wp\/v2\/users\/1"}],"replies":[{"embeddable":true,"href":"https:\/\/www.schmitzendrin.de\/index.php?rest_route=%2Fwp%2Fv2%2Fcomments&post=50"}],"version-history":[{"count":12,"href":"https:\/\/www.schmitzendrin.de\/index.php?rest_route=\/wp\/v2\/pages\/50\/revisions"}],"predecessor-version":[{"id":2401,"href":"https:\/\/www.schmitzendrin.de\/index.php?rest_route=\/wp\/v2\/pages\/50\/revisions\/2401"}],"wp:featuredmedia":[{"embeddable":true,"href":"https:\/\/www.schmitzendrin.de\/index.php?rest_route=\/wp\/v2\/media\/2398"}],"wp:attachment":[{"href":"https:\/\/www.schmitzendrin.de\/index.php?rest_route=%2Fwp%2Fv2%2Fmedia&parent=50"}],"curies":[{"name":"wp","href":"https:\/\/api.w.org\/{rel}","templated":true}]}}